s digit of 2273?
2
What is the thousands digit of 58004?
8
What is the hundreds digit of 610?
6
What is the units digit of 4366?
6
What is the units digit of 372?
2
What is the hundreds digit of 179?
1
What is the hundreds digit of 8016?
0
What is the ten thousands digit of 21386?
2
What is the hundreds digit of 14814?
8
What is the units digit of 409?
9
What is the units digit of 13624?
4
What is the tens digit of 654?
5
What is the ten thousands digit of 18492?
1
What is the units digit of 34332?
2
What is the hundreds digit of 567?
5
What is the units digit of 8014?
4
What is the units digit of 400?
0
What is the units digit of 768?
8
What is the ten thousands digit of 10171?
1
What is the tens digit of 125?
2
What is the tens digit of 340?
4
What is the thousands digit of 3781?
3
What is the units digit of 2583?
3
What is the tens digit of 803?
0
What is the hundreds digit of 34337?
3
What is the ten thousands digit of 10170?
1
What is the thousands digit of 1203?
1
What is the thousands digit of 31665?
1
What is the tens digit of 14727?
2
What is the units digit of 12683?
3
What is the thousands digit of 45506?
5
What is the tens digit of 850?
5
What is the thousands digit of 2903?
2
What is the hundreds digit of 77211?
2
What is the hundreds digit of 1350?
3
What is the units digit of 825?
5
What is the units digit of 37?
7
What is the hundreds digit of 193?
1
What is the units digit of 1024?
4
What is the hundreds digit of 7139?
1
What is the units digit of 27770?
0
What is the hundreds digit of 3989?
9
What is the hundred thousands digit of 103018?
1
What is the thousands digit of 4361?
4
What is the units digit of 5077?
7
What is the units digit of 799?
9
What is the ten thousands digit of 21169?
2
What is the hundreds digit of 338?
3
What is the units digit of 25666?
6
What is the units digit of 52967?
7
What is the tens digit of 1577?
7
What is the units digit of 855?
5
What is the tens digit of 147595?
9
What is the tens digit of 5348?
4
What is the hundreds digit of 505?
5
What is the hundreds digit of 291?
2
What is the hundreds digit of 166?
1
What is the units digit of 258?
8
What is the hundreds digit of 52873?
8
What is the hundreds digit of 825?
8
What is the ten thousands digit of 13766?
1
What is the hundreds digit of 53420?
4
What is the tens digit of 10052?
5
What is the tens digit of 999?
9
What is the hundreds digit of 8833?
8
What is the units digit of 241?
1
What is the hundreds digit of 50692?
6
What is the units digit of 277?
7
What is the hundreds digit of 54705?
7
What is the thousands digit of 17031?
7
What is the tens digit of 2691?
9
What is the tens digit of 37333?
3
What is the thousands digit of 5521?
5
What is the thousands digit of 48652?
8
What is the units digit of 15193?
3
What is the ten thousands digit of 26915?
2
What is the tens digit of 235?
3
What is the thousands digit of 9601?
9
What is the hundreds digit of 4672?
6
What is the thousands digit of 8167?
8
What is the thousands digit of 2288?
2
What is the units digit of 453?
3
What is the tens digit of 22225?
2
What is the thousands digit of 3961?
3
What is the hundreds digit of 3785?
7
What is the thousands digit of 22083?
2
What is the units digit of 5593?
3
What is the tens digit of 2166?
6
What is the thousands digit of 5695?
5
What is the ten thousands digit of 55002?
5
What is the tens digit of 3100?
0
What is the units digit of 13559?
9
What is the units digit of 29496?
6
What is the units digit of 2653?
3
What is the units digit of 2080?
0
What is the tens digit of 12531?
3
What is the ten thousands digit of 20009?
2
What is the tens digit of 1519?
1
What is the tens digit of 57093?
9
What is the hundreds digit of 6397?
3
What is the thousands digit of 29573?
9
What is the tens digit of 19288?
8
What is the tens digit of 11482?
8
What is the units digit of 648?
8
What is the units digit of 210?
0
What is the tens digit of 38123?
2
What is the tens digit of 10616?
1
What is the hundreds digit of 860?
8
What is the thousands digit of 4975?
4
What is the tens digit of 891?
9
What is the units digit of 6252?
2
What is the tens digit of 4193?
9
What is the units digit of 158438?
8
What is the hundreds digit of 870?
8
What is the tens digit of 1052?
5
What is the hundreds digit of 8756?
7
What is the tens digit of 2264?
6
What is the hundreds digit of 281?
2
What is the hundreds digit of 3986?
9
What is the units digit of 52526?
6
What is the units digit of 20611?
1
What is the tens digit of 703?
0
What is the thousands digit of 2987?
2
What is the ten thousands digit of 192021?
9
What is the thousands digit of 1262?
1
What is the units digit of 177342?
2
What is the tens digit of 24903?
0
What is the units digit of 33709?
9
What is the units digit of 37754?
4
What is the ten thousands digit of 57431?
5
What is the units digit of 34558?
8
What is the hundreds digit of 2877?
8
What is the hundreds digit of 58793?
7
What is the tens digit of 8191?
9
What is the hundreds digit of 58758?
7
What is the thousands digit of 8842?
8
What is the thousands digit of 4562?
4
What is the tens digit of 106790?
9
What is the hundreds digit of 176?
1
What is the hundreds digit of 2944?
9
What is the hundreds digit of 9632?
6
What is the hundreds digit of 7727?
7
What is the units digit of 3376?
6
What is the units digit of 537?
7
What is the units digit of 314?
4
What is the hundreds digit of 2910?
9
What is the tens digit of 41652?
5
What is the thousands digit of 110305?
0
What is the tens digit of 2097?
9
What is the hundreds digit of 12258?
2
What is the units digit of 100693?
3
What is the hundreds digit of 14702?
7
What is the hundreds digit of 76920?
9
What is the tens digit of 2842?
4
What is the tens digit of 21697?
9
What is the tens digit of 88790?
9
What is the units digit of 846?
6
What is the tens digit of 2417?
1
What is the tens digit of 13265?
6
What is the tens digit of 9073?
7
What is the ten thousands digit of 14855?
1
What is the thousands digit of 1182?
1
What is the tens digit of 22812?
1
What is the tens digit of 1640?
4
What is the tens digit of 65620?
2
What is the hundreds digit of 2634?
6
What is the hundred thousands digit of 130418?
1
What is the ten thousands digit of 71365?
7
What is the tens digit of 1622?
2
What is the thousands digit of 76542?
6
What is the tens digit of 3491?
9
What is the units digit of 4236?
6
What is the hundreds digit of 701?
7
What is the thousands digit of 2345?
2
What is the hundreds digit of 6708?
7
What is the hundreds digit of 60079?
0
What is the tens digit of 12179?
7
What is the tens digit of 558?
5
What is the hundreds digit of 7646?
6
What is the tens digit of 2819?
1
What is the thousands digit of 4016?
4
What is the hundreds digit of 200?
2
What is the tens digit of 4452?
5
What is the units digit of 2820?
0
What is the thousands digit of 23501?
3
What is the units digit of 58995?
5
What is the hundreds digit of 3755?
7
What is the hundreds digit of 542?
5
What is the tens digit of 35928?
2
What is the thousands digit of 14426?
4
What is the units digit of 25?
5
What is the units digit of 198?
8
What is the hundreds digit of 2671?
6
What is the thousands digit of 5896?
5
What is the ten thousands digit of 133125?
3
What is the units digit of 5044?
4
What is the hundreds digit of 4355?
3
What is the tens digit of 558?
5
What is the tens digit of 458?
5
What is the units digit of 1357?
7
What is the tens digit of 1024?
2
What is the tens digit of 3372?
7
What is the thousands digit of 43231?
3
What is the thousands digit of 8169?
8
What is the tens digit of 3973?
7
What is the tens digit of 2565?
6
What is the units digit of 4201?
1
What is the thousands digit of 62805?
2
What is the thousands digit of 10356?
0
What is the tens digit of 1208?
0
What is the units digit of 268?
8
What is the ten thousands digit of 10717?
1
What is the units digit of 4141?
1
What is the hundreds digit of 71450?
4
What is the units digit of 1676?
6
What is the hundreds digit of 2789?
7
What is the tens digit of 26648?
4
What is the tens digit of 17665?
6
What is the units digit of 552?
2
What is the tens digit of 13938?
3
What is the units digit of 989?
9
What is the thousands digit of 1650?
1
What is the tho